st the prime factors of 18915.
3, 5, 13, 97
What are the prime factors of 3678?
2, 3, 613
What are the prime factors of 14381?
73, 197
List the prime factors of 2881.
43, 67
List the prime factors of 32279.
13, 191
What are the prime factors of 643?
643
What are the prime factors of 4469?
41, 109
List the prime factors of 4859.
43, 113
What are the prime factors of 3742?
2, 1871
What are the prime factors of 511?
7, 73
List the prime factors of 18530.
2, 5, 17, 109
What are the prime factors of 1137?
3, 379
What are the prime factors of 44556?
2, 3, 47, 79
What are the prime factors of 772?
2, 193
List the prime factors of 1260.
2, 3, 5, 7
List the prime factors of 1861.
1861
What are the prime factors of 11128?
2, 13, 107
What are the prime factors of 32804?
2, 59, 139
List the prime factors of 6630.
2, 3, 5, 13, 17
What are the prime factors of 25141?
31, 811
What are the prime factors of 945?
3, 5, 7
What are the prime factors of 27194?
2, 13597
What are the prime factors of 8744?
2, 1093
What are the prime factors of 3811?
37, 103
List the prime factors of 2548.
2, 7, 13
List the prime factors of 1240.
2, 5, 31
List the prime factors of 903.
3, 7, 43
List the prime factors of 138295.
5, 17, 1627
What are the prime factors of 10513?
10513
What are the prime factors of 54005?
5, 7, 1543
List the prime factors of 1154.
2, 577
What are the prime factors of 6050?
2, 5, 11
What are the prime factors of 1473?
3, 491
What are the prime factors of 2996?
2, 7, 107
What are the prime factors of 5845?
5, 7, 167
What are the prime factors of 64?
2
List the prime factors of 9684.
2, 3, 269
List the prime factors of 1526.
2, 7, 109
List the prime factors of 23633.
23633
List the prime factors of 99966.
2, 3, 16661
What are the prime factors of 2964?
2, 3, 13, 19
List the prime factors of 2534.
2, 7, 181
List the prime factors of 3011.
3011
List the prime factors of 4413.
3, 1471
What are the prime factors of 3365?
5, 673
What are the prime factors of 6309?
3, 701
List the prime factors of 1258.
2, 17, 37
List the prime factors of 9.
3
What are the prime factors of 1358?
2, 7, 97
What are the prime factors of 10436?
2, 2609
List the prime factors of 15468.
2, 3, 1289
List the prime factors of 773.
773
What are the prime factors of 451?
11, 41
What are the prime factors of 11741?
59, 199
List the prime factors of 485.
5, 97
What are the prime factors of 231?
3, 7, 11
What are the prime factors of 14291?
31, 461
List the prime factors of 4773.
3, 37, 43
List the prime factors of 114430.
2, 5, 11443
List the prime factors of 15780.
2, 3, 5, 263
List the prime factors of 196.
2, 7
What are the prime factors of 65?
5, 13
What are the prime factors of 1738?
2, 11, 79
List the prime factors of 606.
2, 3, 101
What are the prime factors of 27409?
27409
What are the prime factors of 145?
5, 29
List the prime factors of 1458.
2, 3
List the prime factors of 1084.
2, 271
What are the prime factors of 1299?
3, 433
What are the prime factors of 6048?
2, 3, 7
List the prime factors of 73477.
73477
List the prime factors of 67637.
239, 283
What are the prime factors of 5757?
3, 19, 101
What are the prime factors of 2014?
2, 19, 53
What are the prime factors of 8475?
3, 5, 113
What are the prime factors of 24658?
2, 12329
What are the prime factors of 23079?
3, 7, 157
What are the prime factors of 66683?
66683
List the prime factors of 5008.
2, 313
What are the prime factors of 4164?
2, 3, 347
List the prime factors of 335.
5, 67
List the prime factors of 877.
877
List the prime factors of 393.
3, 131
List the prime factors of 1385.
5, 277
What are the prime factors of 7820?
2, 5, 17, 23
What are the prime factors of 33194?
2, 7, 2371
List the prime factors of 63106.
2, 139, 227
What are the prime factors of 1284?
2, 3, 107
What are the prime factors of 958?
2, 479
What are the prime factors of 699?
3, 233
What are the prime factors of 4382?
2, 7, 313
What are the prime factors of 7965?
3, 5, 59
List the prime factors of 26606.
2, 53, 251
List the prime factors of 3433.
3433
List the prime factors of 53998.
2, 7, 19, 29
What are the prime factors of 13582?
2, 6791
What are the prime factors of 1306?
2, 653
What are the prime factors of 23281?
31, 751
What are the prime factors of 5421?
3, 13, 139
What are the prime factors of 4250?
2, 5, 17
List the prime factors of 687.
3, 229
List the prime factors of 4164.
2, 3, 347
List the prime factors of 23083.
41, 563
What are the prime factors of 1474?
2, 11, 67
What are the prime factors of 913?
11, 83
What are the prime factors of 2350?
2, 5, 47
List the prime factors of 14273.
7, 2039
List the prime factors of 15984.
2, 3, 37
What are the prime factors of 25944?
2, 3, 23, 47
List the prime factors of 2723.
7, 389
What are the prime factors of 15040?
2, 5, 47
List the prime factors of 170850.
2, 3, 5, 17, 67
List the prime factors of 122.
2, 61
What are the prime factors of 7392?
2, 3, 7, 11
What are the prime factors of 1795?
5, 359
List the prime factors of 61779.
3, 20593
What are the prime factors of 497?
7, 71
List the prime factors of 145336.
2, 37, 491
What are the prime factors of 11779?
11779
List the prime factors of 8283.
3, 11, 251
What are the prime factors of 5074?
2, 43, 59
List the prime factors of 190540.
2, 5, 7, 1361
What are the prime factors of 40849?
40849
List the prime factors of 196.
2, 7
What are the prime factors of 17878?
2, 7, 1277
What are the prime factors of 4097?
17, 241
What are the prime factors of 935?
5, 11, 17
What are the prime factors of 16603?
16603
What are the prime factors of 16037?
7, 29, 79
What are the prime factors of 3421?
11, 311
What are the prime factors of 1298?
2, 11, 59
List the prime factors of 14018.
2, 43, 163
What are the prime factors of 88817?
88817
List the prime factors of 627.
3, 11, 19
What are the prime factors of 116251?
101, 1151
What are the prime factors of 2855?
5, 571
List the prime factors of 759.
3, 11, 23
List the prime factors of 3554.
2, 1777
List the prime factors of 7247.
7247
List the prime factors of 21324.
2, 3, 1777
List the prime factors of 1180.
2, 5, 59
List the prime factors of 19313.
7, 31, 89
List the prime factors of 9897.
3, 3299
List the prime factors of 1011.
3, 337
What are the prime factors of 56323?
151, 373
List the prime factors of 11692.
2, 37, 79
What are the prime factors of 11340?
2, 3, 5, 7
List the prime factors of 28558.
2, 109, 131
What are the prime factors of 14214?
2, 3, 23, 103
List the prime factors of 29887.
11, 13, 19
List the prime factors of 1330.
2, 5, 7, 19
List the prime factors of 538.
2, 269
List the prime factors of 41578.
2, 20789
What are the prime factors of 14988?
2, 3, 1249
List the prime factors of 663.
3, 13, 17
List the prime factors of 1009.
1009
List the prime factors of 1551.
3, 11, 47
What are the prime factors of 1522?
2, 761
List the prime factors of 927.
3, 103
List the prime factors of 66830.
2, 5, 41, 163
List the prime factors of 67379.
13, 71, 73
What are the prime factors of 35756?
2, 7, 1277
List the prime factors of 4038.
2, 3, 673
What are the prime factors of 43748?
2, 10937
List the prime factors of 1644.
2, 3, 137
List the prime factors of 201.
3, 67
List the prime factors of 4087.
61, 67
What are the prime factors of 6561?
3
List the prime factors of 278.
2, 139
List the prime factors of 35336.
2, 7, 631
List the prime factors of 210.
2, 3, 5, 7
What are the prime factors of 405?
3, 5
What are the prime factors of 55135?
5, 11027
List the prime factors of 16502.
2, 37, 223
What are the prime factors of 5010?
2, 3, 5, 167
What are the prime factors of 13650?
2, 3, 5, 7, 13
What are the prime factors of 29409?
3, 9803
What are the prime factors of 46955?
5, 9391
What are the prime factors of 1070?
2, 5, 107
List the prime factors of 1386.
2, 3, 7, 11
List the prime factors of 9990.
2, 3, 5, 37
List the prime factors of 3183.
3, 1061
What are the prime factors of 6790?
2, 5, 7, 97
What are the prime factors of 6520?
2, 5, 163
List the prime factors of 192.
2, 3
What are the prime factors of 49808?
2, 11, 283
List the prime factors of 3308.
2, 827
List the prime factors of 6817.
17, 401
What are the prime factors of 2650?
2, 5, 53
What are the prime factors of 143?
11, 13
What are t